or of 6435 and 30288885?
165
What is the greatest common divisor of 142092 and 1024?
4
What is the highest common divisor of 3970628 and 230?
46
Calculate the greatest common factor of 2334581 and 3936.
41
Calculate the highest common divisor of 210 and 3335535.
105
Calculate the highest common divisor of 116127 and 21415185.
6831
Calculate the highest common factor of 25762 and 5261303.
1171
What is the highest common factor of 8138294 and 1928390?
4882
What is the greatest common divisor of 144 and 246903534?
18
What is the greatest common divisor of 122 and 92496923?
61
What is the greatest common factor of 130516 and 1901248?
1948
Calculate the greatest common divisor of 4977888 and 480.
96
What is the greatest common factor of 107083 and 159?
1
What is the greatest common factor of 1650969 and 7473?
141
Calculate the highest common divisor of 5321818 and 25818.
662
What is the greatest common divisor of 44 and 20969762?
22
What is the highest common divisor of 2614664234 and 182?
182
What is the greatest common factor of 198511 and 1229909?
179
What is the highest common divisor of 18343 and 109584319?
1079
Calculate the greatest common factor of 49 and 7862197.
49
Calculate the greatest common factor of 374 and 310845986.
374
Calculate the greatest common factor of 458500336 and 5622.
1874
Calculate the highest common divisor of 1587476 and 993.
331
What is the greatest common divisor of 895469119 and 751?
751
What is the highest common factor of 38299552 and 224?
32
What is the greatest common factor of 7511115 and 945?
15
Calculate the highest common factor of 7382853 and 27.
27
Calculate the greatest common factor of 91048 and 14972.
76
What is the highest common divisor of 608771 and 6219?
691
What is the highest common factor of 140244 and 238641?
1131
Calculate the greatest common factor of 37998464 and 9856.
896
Calculate the highest common divisor of 211574 and 29736.
118
What is the highest common factor of 817558280 and 3388?
3388
What is the highest common factor of 54395 and 16445?
1265
Calculate the greatest common factor of 796807 and 797555.
187
What is the highest common divisor of 15386 and 252456?
314
What is the greatest common factor of 7449112 and 4136?
88
Calculate the highest common factor of 1283951680 and 1760.
1760
Calculate the highest common divisor of 274915512 and 576.
72
Calculate the greatest common factor of 134048 and 5927435.
4189
Calculate the greatest common divisor of 77482 and 2062.
2
What is the greatest common divisor of 5904 and 296928?
144
Calculate the greatest common divisor of 1183 and 156210249.
169
Calculate the highest common factor of 169 and 1778837047.
169
What is the greatest common factor of 558039573 and 819?
819
What is the greatest common divisor of 5957550 and 3200?
50
What is the highest common factor of 93 and 32536887?
93
What is the highest common divisor of 61064 and 152728?
136
What is the highest common factor of 332269 and 8771?
49
What is the greatest common divisor of 371 and 16509871?
371
What is the highest common divisor of 8895042 and 4914?
702
Calculate the highest common divisor of 304419 and 54285.
141
What is the highest common factor of 17 and 173160?
1
Calculate the greatest common divisor of 115339763 and 15477.
5159
What is the highest common divisor of 1772941815 and 135?
45
What is the highest common divisor of 740389 and 347?
1
What is the greatest common divisor of 54057 and 17057?
37
What is the highest common divisor of 1327645 and 5720?
55
Calculate the greatest common divisor of 12981520 and 128.
16
What is the highest common factor of 2425 and 9423647?
97
Calculate the highest common divisor of 5943 and 4952829.
21
What is the greatest common divisor of 137812 and 17174952?
1052
What is the greatest common factor of 40 and 127490260?
20
Calculate the highest common factor of 42 and 161826.
42
What is the highest common divisor of 1940000 and 1837568?
3104
What is the greatest common divisor of 1803930 and 6198855?
5745
Calculate the highest common factor of 221958 and 19352.
118
Calculate the greatest common factor of 1918 and 10039582.
14
Calculate the highest common factor of 123891956 and 2004.
668
What is the highest common factor of 171964 and 31824?
52
Calculate the greatest common factor of 610414 and 616196.
826
Calculate the greatest common divisor of 2929755 and 547565.
5645
What is the greatest common factor of 634525 and 168725?
425
What is the highest common factor of 1317208 and 7099?
229
Calculate the highest common divisor of 145424972 and 572.
44
What is the greatest common divisor of 299232 and 1312?
32
What is the highest common factor of 79708 and 3716?
4
What is the greatest common factor of 189432 and 351?
27
What is the highest common factor of 37044695 and 235?
235
What is the highest common divisor of 11301765 and 14680?
1835
Calculate the highest common factor of 7 and 666604085.
7
What is the greatest common factor of 46865089 and 2?
1
What is the highest common divisor of 13031 and 3320581?
83
What is the greatest common divisor of 6072 and 5448861?
759
Calculate the greatest common factor of 2244 and 2069716.
748
What is the greatest common factor of 26705 and 6867?
763
Calculate the highest common factor of 83127553 and 653.
653
Calculate the highest common divisor of 75319314 and 210.
42
What is the greatest common divisor of 2312 and 41650?
34
What is the highest common factor of 12528223 and 1654?
827
Calculate the highest common factor of 39627 and 5209119.
333
Calculate the highest common divisor of 58162 and 1144.
26
Calculate the highest common divisor of 7456 and 1111177.
233
What is the highest common factor of 20007 and 1374516?
351
What is the highest common divisor of 5461 and 1047130367?
5461
What is the greatest common divisor of 2083523 and 107212?
547
What is the highest common divisor of 1194088 and 511?
7
What is the highest common divisor of 6177620 and 809652?
2476
What is the greatest common factor of 759850 and 32032?
182
What is the greatest common divisor of 40672 and 740993?
1271
What is the highest common factor of 10023 and 71189?
257
What is the highest common divisor of 5338 and 6749?
17
What is the greatest common factor of 3569 and 38093929?
83
Calculate the greatest common divisor of 211528853 and 4907.
701
Calculate the greatest common divisor of 115600 and 2631056.
4624
Calculate the greatest common factor of 3854533 and 174824.
1681
What is the highest common factor of 430614 and 6282?
18
Calculate the greatest common divisor of 27548406 and 5214.
474
Calculate the highest common divisor of 50 and 1814242700.
50
Calculate the highest common divisor of 1349 and 51810321.
19
What is the highest common divisor of 1442 and 71582?
14
Calculate the greatest common factor of 825 and 234375.
75
Calculate the highest common factor of 147 and 31686.
3
What is the greatest common divisor of 1402639 and 6795?
151
What is the highest common divisor of 454428 and 180?
36
Calculate the highest common factor of 385 and 11260865.
385
Calculate the greatest common factor of 6 and 18405654.
6
Calculate the greatest common divisor of 224499 and 6864.
33
Calculate the highest common factor of 799704811 and 5926.
2963
What is the highest common divisor of 2366996 and 4?
4
What is the highest common divisor of 113483598 and 776?
194
What is the highest common factor of 37 and 57514909?
37
Calculate the highest common divisor of 23664 and 3252930.
174
Calculate the highest common factor of 6192 and 48375.
387
Calculate the greatest common factor of 1906 and 67462.
2
Calculate the greatest common divisor of 3392 and 574348704.
1696
Calculate the greatest common factor of 2445 and 72255.
15
What is the highest common divisor of 14 and 3802918?
14
Calculate the highest common divisor of 2596519 and 1667288.
1567
Calculate the greatest common factor of 90 and 513369270.
90
What is the greatest common factor of 5232 and 285681588?
1308
Calculate the highest common divisor of 147 and 136395588.
21
What is the highest common divisor of 400 and 594240800?
400
What is the greatest common divisor of 645994280 and 8?
8
What is the greatest common factor of 11241508 and 909772?
3148
Calculate the highest common divis